 - 2*h + 5, -4*b + 3*h + 18 = 0. Suppose 0 = -2*w + b*n + 2031, 240 - 2256 = -2*w - 2*n. What are the prime factors of w?
3, 337
Let t(u) = -2*u**3 + 14*u**2 + 2*u + 8. Let k be t(6). Suppose 0 = 2*l + k - 1418. What are the prime factors of l?
3, 13, 17
Suppose 8730 - 1554 = 50*f - 7124. What are the prime factors of f?
2, 11, 13
Let w be 4 + (3/6)/(1/(-2)). Suppose 5*d + 10 = -2*y, d - w*d = 8. Suppose 0 = y*x - 2*g - 718, g = 3*x + 2*g - 422. List the prime factors of x.
2, 71
Suppose 95*d = 86*d + 91881. What are the prime factors of d?
3, 41, 83
Let w = -1236 + 2616. Suppose w = 11*f - f. What are the prime factors of f?
2, 3, 23
Let i = 48 - 44. Suppose -6 = 2*m - 2*g, m - g + i*g = -3. What are the prime factors of 3 - 3/(2*m/132)?
3, 23
Let z(i) = 18*i**2 - 107*i - 9. Let q be (2 - 44/20) + 410/50. List the prime factors of z(q).
7, 41
Suppose 8 = l + 4*x + 1, -3*l - 3*x = 6. What are the prime factors of ((-12)/10)/(-3) + (-358)/l?
2, 3
Let i be (-4)/(-16) + 5/(-4). Let r be (476/(-3))/i - (-4)/(-6). Suppose 4*u + 476 = 5*p - 270, 0 = p - 3*u - r. What are the prime factors of p?
2, 73
Suppose -105*z - 88*z - 45870 = -203*z. What are the prime factors of z?
3, 11, 139
Let o(x) = -x**2 + 5*x + 1. Let b be o(4). Let z be ((-16)/6)/((-4)/6). Suppose n = -b*f + 104, 5*f = n - z*n + 272. List the prime factors of n.
2, 3, 7
Let y be 439 + -1 - (0/(-9) + -1). Let j be 2/8 - y*4/(-16). Let f = j + 41. What are the prime factors of f?
151
Let x(h) = -10*h**3 - h**2 + 60*h + 44. List the prime factors of x(-9).
7, 137
Let q(z) = z**2 + 18*z - 2. Let g(w) = 2*w**2 + 35*w - 4. Let b(n) = 4*g(n) - 9*q(n). List the prime factors of b(-17).
3, 29
Let m be ((-76)/95)/((-3)/(-5) + -1). Suppose m*i = -0*i + 96. Let c = 10 + i. What are the prime factors of c?
2, 29
Let z(c) = -544*c**3 + 3*c**2 + c + 1. Let a(h) = -3*h**2 + 5*h - 3. Let j be a(1). List the prime factors of z(j).
547
Suppose 6*n + 4*n + 6*n = 0. Suppose -6*o = -3*o - t - 5053, n = 2*o + 3*t - 3376. What are the prime factors of o?
5, 337
Suppose -4*q + 5*p = -741, 21*q - 26*q = 4*p - 957. What are the prime factors of q?
3, 7
Suppose y - 4*l + 667 = 4*y, -5*y - 2*l = -1121. Suppose -y = -17*m + 20*m. Let v = m + 160. List the prime factors of v.
5, 17
Suppose 4*l - 3*q = 408, -50*l + 319 = -47*l + q. What are the prime factors of 50880/l + (-6)/(-14)?
5, 97
Let k be 2*((-1 - -5) + (-55)/(-10)). What are the prime factors of (-9)/((-12)/11 - (-19)/k)?
3, 11
Suppose 18*j + 1290830 + 314158 = 84*j. What are the prime factors of j?
2, 3, 7, 193
Let z = -428 + 423. What are the prime factors of 456/(-16)*((-2 - z) + -33)?
3, 5, 19
Let b(a) = -8*a**2 + 7*a + 3. Let u(g) = -g**2 + g. Let z = 29 + -26. Let t(d) = z*u(d) - b(d). What are the prime factors of t(-5)?
2, 71
Let c = -799 - -1562. List the prime factors of -8*c/14*(-6)/8.
3, 109
Let s = 1714 - 1215. What are the prime factors of s?
499
Suppose z + 29 = 2*z - 5*c, 4*z - 41 = 5*c. Suppose p = 4*x + 3*p - 494, z*x - 2*p - 506 = 0. Suppose 9*b = x + 1063. What are the prime factors of b?
2, 3, 11
Let o(b) be the second derivative of b**4/6 + 7*b**3/6 - 17*b**2/2 + 9*b. Let q be o(-9). Suppose a + 15 = q. List the prime factors of a.
67
Let i(p) = 8*p - 2. Let z(b) = b - 1. Let q(s) = -i(s) + 3*z(s). Let w(g) = -g + 1. Let x(k) = -q(k) - 2*w(k). What are the prime factors of x(1)?
2, 3
Suppose 0 = -0*j + 5*j. Let f(k) = -9*k - 6*k - 3 - 10*k + k**2 + 26*k + 107. What are the prime factors of f(j)?
2, 13
Suppose -36231 = -57*o + 44*o. What are the prime factors of o?
3, 929
Let f = 54253 - 24352. List the prime factors of f.
3, 9967
Suppose 149*v = 141*v - 10328. Let f = v - -2032. What are the prime factors of f?
3, 13, 19
Let o be ((-260)/80)/(((-6)/8)/3). Suppose -o*h = -16*h + 189. What are the prime factors of ((-196)/(-12))/7*h?
3, 7
Let m(b) = 3*b**3 - 127*b**2 - 13*b + 345. What are the prime factors of m(43)?
2, 13, 67
Let z(a) = -3*a - 9. Let k be z(-3). Let f(r) = k*r**3 - 6*r**3 + 15*r**2 + 7*r**3 + r - 31. List the prime factors of f(-14).
151
Suppose -2*g + 5*v = -427, -g - 3*v - 36 = -222. Suppose u = 7 + g. Suppose -2*x + 6*x = 4*k - u, -3*x = 15. What are the prime factors of k?
47
Suppose -4*q - 5*a = -18, -2*a = -3*q + a. What are the prime factors of 6*(34 - 27)/(q/4)?
2, 3, 7
Let d(h) = h + 26. Suppose 4 = -i + 6. Let t be (2*(-3)/9)/(i/33). What are the prime factors of d(t)?
3, 5
Let p(u) = -44*u - 48. Let n be p(-14). Suppose 0 = 15*v - 17*v + n. List the prime factors of v.
2, 71
Let x(h) = -8 - 28*h + 32 - 11 - 7 - 8. Let u = -5 + 4. What are the prime factors of x(u)?
2, 13
Let r be 50/(-15)*(-1 + -11) - -2. Suppose 15*o + 7668 = r*o. What are the prime factors of o?
2, 71
Let r be ((-12)/5 - -5) + (-3)/5. Suppose 0 = 4*w - 179 - 165. Suppose r*t + w = 224. What are the prime factors of t?
3, 23
Let a = -21646 - -32998. What are the prime factors of a?
2, 3, 11, 43
Let h(f) be the first derivative of 3*f + 7*f - 3*f + 34 - 3*f**2 + 15*f. List the prime factors of h(-8).
2, 5, 7
Suppose -4*a - 124204 = -4*n, -2008*n = -2007*n + 3*a - 31051. What are the prime factors of n?
31051
Suppose 78*j - 504 = 71*j. Let n be 4 - 5/(-15)*(0 + 0). What are the prime factors of (-138)/n*(-480)/j?
2, 5, 23
Let z be (-24)/(-18)*(-1 - 401/(-2)). Let w(t) = 123*t**3 + t**2 - t. Let v be w(1). Let m = z - v. List the prime factors of m.
11, 13
Let z(q) = -q**2 + 28*q + 84. Let f(p) = p**3 + 6*p**2 - 8*p - 3. Let u be f(-7). Let j be 42/(u/2)*8/6. List the prime factors of z(j).
2, 3, 7
What are the prime factors of (234/(-27))/(4/(-3))*(1417 + 15)?
2, 13, 179
Suppose -1214454 - 785927 = -57*w + 1073857. What are the prime factors of w?
2, 3, 89, 101
Suppose 5*w - 2*i = -588, -2*i + 0*i = -4*w - 472. Let c = 250 - w. What are the prime factors of c?
2, 3, 61
Suppose -5*g - 1128400 = -3*g - 114*g. What are the prime factors of g?
5, 13, 31
Suppose 4*r - 63 = 9. Let j be 48/64 + (-121)/(-4). Let g = j - r. List the prime factors of g.
13
Let p = 4618 + -2662. What are the prime factors of p?
2, 3, 163
Let r = 281 + -284. List the prime factors of ((-2)/r)/(16/12696).
23
Let k = 282 - 280. Suppose m - k*f - 643 = 0, 11*m - 10*m = 4*f + 647. What are the prime factors of m?
3, 71
Let t be 15*(11 + (-35)/15). Let w = 153 + -92. Let l = t - w. What are the prime factors of l?
3, 23
Suppose -8*v + 4*w + 65662 = -94390, 3*w = -5*v + 100049. List the prime factors of v.
2, 41, 61
Let x(b) = 9*b - 7 + 3*b + 4*b + 3*b. Let g be x(7). What are the prime factors of (-28)/g - 1894/(-18)?
3, 5, 7
Suppose 19367*s = 19379*s - 185304. List the prime factors of s.
2, 7, 1103
Let o = 25293 - 14470. List the prime factors of o.
79, 137
Let c be 1869 - -1 - 5/1. Suppose 0 = 5*d - 600 - c. What are the prime factors of d?
17, 29
List the prime factors of (-86)/((3720/128)/15 + -2).
2, 43
Let s = -102 - -481. Let d = s + -14. What are the prime factors of d?
5, 73
Let g = -545 - -517. List the prime factors of 5723/7 - 12/g.
2, 409
Let h = 47 + -47. Suppose -3*o + 2*f + f + 942 = h, 0 = -5*o - f + 1582. Suppose 2*j = 3*v + 2*v + o, -j + 5*v + 158 = 0. What are the prime factors of j?
2, 79
Suppose p = -2*q + 647, -q - 2*q + 981 = 5*p. Let h = q + 96. What are the prime factors of h?
2, 11, 19
Suppose -24*m + 20*m = -3*a - 26597, 0 = 3*a - 15. What are the prime factors of m?
6653
Let c(y) = 185*y - 357. Let w(d) = -93*d + 179. Let r(z) = 6*c(z) + 11*w(z). What are the prime factors of r(8)?
523
Let v(g) = 1891*g - 12536. List the prime factors of v(31).
5, 13, 709
Let k(f) = 9*f - 14. Let d = -91 - -93. Let p be k(d). Suppose 5*a + 367 = p*x + 97, 2*x - 5*a - 130 = 0. List the prime factors of x.
2, 5, 7
Let x(r) = 19*r - 12. Let j(t) = 2*t**2 + 8*t + 8. Let l be j(-5). Suppose -3*q = -2*o + 9 + l, -9 = o + 3*q. List the prime factors of x(o).
2, 3, 17
Let p(w) = -w**2 - w - 2. Let c(s) = -4*s**2 - 3*s - 6. Let u(f) = -6*c(f) + 17*p(f). Suppose -5*d - 14 = -4, -2*i + 3*d = -10. List the prime factors of u(i).
2
Let z = 4212 + 5667. List the prime factors of z.
3, 37, 89
Let x(l) = -3*l + 15. Let p be x(4). Let s = -17 + 19. Suppose s*q - 300 = -2*w, -p*w - 5*q + 206 = -238. What are the prime factors of w?
3, 17
Let l(i) = -26 + i - 46 - 22 + 11*i + 1